= 4*n + 4. Let o(r) = -r. What is o(t)?
0
Let s(c) be the first derivative of c**3/3 + 2*c**2 + c + 17. Give s(-6).
13
Let i(w) be the first derivative of -w**4/4 + 7*w**3/3 - 5*w**2/2 + 8*w - 5. What is i(6)?
14
Let r(u) = -4*u + u**3 + 3*u**2 - 7 + 4 - 1. Determine r(-3).
8
Let z(i) = -3*i**3 - 6*i**2 + i - 5. Let q(c) = 1 + 5*c**2 + 2*c**3 + 5 - 2 - c. Let g(r) = 5*q(r) + 4*z(r). What is g(1)?
-2
Let f(v) = 4*v**3 - v**2 + v. Let p = -3 - -5. Suppose -p*h + 3 = h. Let x(n) = n**3 + n**2 - n. Let i be x(h). Determine f(i).
4
Let p be 0 - 24/((-3)/(-1)). Suppose -2*m + 2*q - q = -4, 5*m - q = 13. Let l = m + p. Let f(i) = i**3 + 5*i**2 - 2*i - 6. Determine f(l).
4
Suppose 0 = 3*t, 3*h + 5*t + 8 = -4. Let u(n) be the third derivative of -n**6/120 - n**5/30 + n**4/4 + n**3/2 + n**2. What is u(h)?
11
Let i(x) = -5*x + 4 - 3*x**2 + 4*x + 12*x + 2*x**2. Calculate i(12).
-8
Let j be (-12)/18 + (-4)/(-6). Suppose j = 5*a - 0*a - 30. Let w(d) = a - 2*d + d**2 - 4*d - 2*d. Give w(5).
-9
Suppose q = 5*n + 16, 18 + 10 = -3*q - 4*n. Let g(a) be the third derivative of a**5/60 + a**4/4 + 2*a**3/3 + a**2. Calculate g(q).
-4
Let j(v) = -v**3 + 7*v**2 - 5*v + 3. Suppose 0 = 5*n - 10*n - 4*f + 50, 5*n - 20 = 2*f. What is j(n)?
9
Suppose 0*x - 4*x + 8 = 0. Suppose -x*s = -6*s - 8. Let r(u) = -1. Let n(o) = o - 3. Let w(i) = s*n(i) + 7*r(i). Calculate w(-1).
1
Let z(q) = -q**3 - q**2 + 4*q + 3. Let w be ((-1)/(-2))/(2/(-4)). Suppose 5*k - 11 = -26. Let j = k - w. Calculate z(j).
-1
Let z(v) = -3*v + 9. Let o be z(5). Let m(q) = -q**3 - 6*q**2 + q. Calculate m(o).
-6
Let o(j) be the first derivative of -j**3/3 - 3*j**2 + 11*j - 17. What is o(-8)?
-5
Let o(t) = -2*t**2 - t. Let y(v) = -2*v**3 - 2*v - 1. Let s be y(-1). Let f = 10 - s. Suppose 2*g + z = 0, 2*z = 1 + f. Calculate o(g).
-6
Let g(f) be the first derivative of f**3/3 + 2*f**2 - 15. Give g(-2).
-4
Suppose -4*a = -24 + 4. Let z(g) = -11*g**2 - 27*g + 8. Let l(h) = -5*h**2 - 13*h + 4. Let b(s) = -13*l(s) + 6*z(s). Give b(a).
6
Let k = -5 + 11. Let a(o) = o**2 - 9*o - 1 - 1 + k*o - 3. What is a(5)?
5
Suppose 0 = -4*v - 4*b - 15 - 5, 0 = 2*v - 3*b + 25. Let i(z) = -z**2 - 7*z + 9. Calculate i(v).
1
Let v(l) be the second derivative of 8*l + 0 + 1/2*l**2 + 1/12*l**4 + 9/20*l**5 + 1/3*l**3. Let g(z) = z**3 - 6*z**2 + 4*z + 4. Let r be g(5). Give v(r).
-9
Let w = 18 + -12. Let b(o) = o**2 - w + 2 - o + 4*o - 2*o. Determine b(0).
-4
Let i = -3 - -6. Suppose 1 = 2*m - i. Let x(o) = -4*o - 5 + m*o + o**2 + 0*o**2. Calculate x(4).
3
Let x(l) = -l**3 + 0 - 7*l + 3 + 7*l**2 + 4*l**2 - 4*l**2. Calculate x(6).
-3
Let m(p) be the second derivative of 3/2*p**2 + 0*p**4 - 1/20*p**5 + 0 + 1/2*p**3 + p. Determine m(-2).
5
Let d = -4 - 2. Let k(w) = w**3 + 7*w**2 + 4*w. Determine k(d).
12
Let d be ((-4)/(-8))/(1/(-2)). Let x be (-4)/(1/d*1). Let c(v) = -v**3 + 4*v**2 + 2*v + 2. Give c(x).
10
Let g(q) = -2*q + 1. Suppose -4 = -l, 2*p + 0*p + 12 = 4*l. Suppose 1 = p*f + 3. Calculate g(f).
3
Let x(h) = -2*h**2 + 6*h + 7. Let k(m) = m**2 - m - 1. Let q(a) = 6*k(a) + x(a). Suppose i - s - 7 = -2*s, -11 = i - 5*s. Suppose -5*o = -o - i. Determine q(o).
5
Let q(n) = 2*n + 230 - 116 - 115. Calculate q(6).
11
Suppose -30 = -r - 2*r. Let d(y) = -y**2 + 9*y + 4. What is d(r)?
-6
Let f(x) = 5*x - 1. Let b(u) = -u**3 - 3*u**2 + 3*u - 4. Let n be b(-4). Suppose q + 6 = -2*o, -q = 3*o + 9 - n. Suppose -3*d = -q*d - 3. What is f(d)?
4
Let b(l) = -l**2 + 6*l - 8. Let j(c) = -c**2 + 6*c - 7. Let m(w) = -5*b(w) + 6*j(w). Suppose -d + 6 = 2*u + 3*d, 16 = 3*u - d. Determine m(u).
3
Let j(n) = 6*n + 4*n - 9*n + 0 - 6. Determine j(7).
1
Let n = -5 + 1. Let a(s) = -5*s - 1. Let b(h) = h + 3. Let o(v) = -2*v - 4. Let g(w) = -5*b(w) - 4*o(w). Let t(r) = n*a(r) - 7*g(r). Give t(-5).
2
Suppose -r - 4*f + 13 = 0, -5*f + f = 4*r - 4. Let g(w) be the first derivative of w**3/3 + 2*w**2 - w + 2. Give g(r).
-4
Let n(v) = v**2 + 4*v + 3. Let k = 65 - 25. Suppose -3*j - 5*g = k, -3*j + j + 3*g = -5. Determine n(j).
8
Let k(p) be the third derivative of p**5/60 - p**4/24 + p**3/2 - p**2. Let y(u) be the first derivative of k(u). What is y(-3)?
-7
Let r(n) = -3*n - 1. Let g(d) = -2*d**2 - 2*d + 2. Let v be g(1). Calculate r(v).
5
Let a(f) = -f + 3. Let i(b) = b**3 + 7*b**2 - 5. Let j(n) = -n + 5. Let t be j(3). Let q be (0 - t)/(4/14). Let v be i(q). Calculate a(v).
8
Let i(b) = -b. Suppose 3*n = 5*n - 8. Suppose r = n*y + 9, -r + 5*r - 5*y = 3. Calculate i(r).
3
Let b be -1*3/9*-6. Let k(q) = q**3 - 2*q**2 + 3*q - 2. Give k(b).
4
Let y = 1 + 3. Let a(m) be the third derivative of -1/24*m**y - 3/2*m**3 + 0*m - m**2 + 0. What is a(-4)?
-5
Let p(g) = g + 2. Let l be p(2). Let k(f) = 2*f**2 - 7*f + 33*f + 1 - 9*f - 15*f - 8*f. Calculate k(l).
9
Let n(j) = -j**3 + 4*j**2 + j. Let l(w) = -3*w - 8. Let o be l(-4). What is n(o)?
4
Suppose x = -x + 4. Suppose -4*k - 8 = 4, -x*s + 2*k + 12 = 0. Let f(m) = s*m + 4 - 2*m + 3. Calculate f(-5).
2
Let r(o) = 2*o + 1. Let v be r(-4). Let z = -12 - v. Let p(a) = 2*a + a**2 - 9*a + 1 - 2*a**2. What is p(z)?
11
Let v(g) = 5*g + 7 + g + 53*g**2 - 54*g**2. Give v(5).
12
Let x(j) = -4*j - 27. Let q(g) = 3*g + 18. Let r(v) = -7*q(v) - 5*x(v). Suppose 4*i - 2*t = -5*t, 0 = 3*i - 3*t. Give r(i).
9
Let b be (3/(-15))/((-2)/20). Let j(n) = 2*n**2 + 3*n - 3. Determine j(b).
11
Let j(y) = 2*y**2 - y**3 - 60 + 3*y + 60. What is j(-2)?
10
Let u(n) = n. Let q(w) = -w**2 - 11*w + 9. Let o(d) = -q(d) - 2*u(d). Calculate o(-10).
1
Let k be -1*(1 - (1 - 0)). Let a(i) = i. Let j(p) = p**2 + 2*p - 4. Let y(z) = 2*a(z) - j(z). Determine y(k).
4
Let x(k) = 57 - 50 - k + 0*k. Determine x(-5).
12
Let k = -5 + 9. Suppose j - k*j = -12. Let y(u) = -u + 1. Let c(z) = 3*z - 3. Let o(h) = 6*c(h) + 21*y(h). What is o(j)?
-9
Suppose -3*k + 4*u - 3 + 2 = 0, -7 = -3*k - 4*u. Let j(i) = -5*i**2 + 4*i - 4. Let h(l) = l**2 - l. Let n(b) = k*j(b) + 4*h(b). Determine n(0).
-4
Let y(o) be the third derivative of -o**6/120 - o**5/10 - o**4/8 - 6*o**2. Give y(-5).
-10
Let y(z) be the second derivative of z**4/12 + 2*z**3/3 - 7*z**2/2 + 2*z. Let i(a) = -a**2 - 3*a + 6. Let v(r) = -3*i(r) - 2*y(r). What is v(-3)?
2
Let x(h) = h - 19. Let f(l) = l - 10. Suppose -2*g - 29 = 3*j, -g + 8 = -3*j - 0*j. Let k(p) = g*f(p) + 4*x(p). What is k(-4)?
6
Suppose 2*b + 3*b = 0. Let x be 4 + b*2/(-2). Let u = x - 2. Let s(d) = -d + 1. Give s(u).
-1
Let u(n) = n**3 + 3*n**2 - 2*n - 2. Suppose -5*z = -4*i, 4*z + 26 = -2*i - 0*i. Determine u(z).
-10
Let y(k) = -k**2 - 2*k + 4. Let z = 107 - 100. Suppose 0*b + 8 = -2*b. Let c = z + b. Determine y(c).
-11
Let z(o) = o**2 + 2*o - 7. Let q be -3 + (-16)/(-8)*1/(-1). Give z(q).
8
Let w be 17/(-3) - 2/6. Let u(y) = y**2 + 7*y + 6. What is u(w)?
0
Suppose 2*y = -2*y - 8. Let l(b) = b + 12. Let j be l(-10). Let z(d) = -4*d - 5 + 2*d + j. Determine z(y).
1
Let n(r) = r**3 + 3*r**2 + 3*r + 3. Let g be n(-2). Let m be g/((3/6)/(-1)). Let q(v) = -v**3 - 2*v**2 - 1. What is q(m)?
-1
Let d(f) = -8*f**2 - 2*f + 0 + 2 + 10*f**2 - f**3. Let t be 17/5 + 6/(-15). Calculate d(t).
-13
Suppose -p + 17 = -5*o, o = -p + 3 - 4. Let w(y) be the first derivative of y**3/3 + 5*y**2/2 - 4*y - 10. Give w(o).
-10
Let y = 5 + -3. Let t(w) = y*w + 2 + 2 - w. Suppose q + 3*q = -16. Give t(q).
0
Let u(q) = q + 1. Let r be u(-1). Let j = r - 0. Let z(p) = -p - 7. Determine z(j).
-7
Let b(s) = 8*s - 3. Suppose 10*o = -9 + 29. What is b(o)?
13
Let j(k) = k**2 - k - 1. Let a(w) = -4*w**3 - w**2 - 1. Let l(v) = a(v) - j(v). Suppose p - 3*p = 0. Let d = p + 1. Determine l(d).
-5
Let n = -166 - -160. Let v(q) = q**3 + 6*q**2 + 7. Give v(n).
7
Let w(t) = 2*t**2 + 0*t**3 - 6*t**2 - t**3 + 2 + 2*t + 0. Calculate w(-2).
-10
Let n(t) be the first derivative of t**3/3 - t**2 - 5*t - 15. Calculate n(4).
3
Suppose -8*x = -36 - 20. Let d(u) = u**2 - 4*u - 2. Calculate d(x).
19
Let a(f) = 14*f**2 + 22*f + 3. Let n(o) = o. Let t(d) = a(d) - 2*n(d). Let i(x) = -5*x**2 - 7*x - 1. Let h(p) = -17*i(p) - 6*t(p). Give h(3).
5
Let k(w) = -2*w + 3. Let d(c) = c**3 + c**2 - 1. Let l(p) = -6*p**3 + p**2 - 3*p. Let y(s) = 5*d(s) + l(s). Let v be y(5). Calculate k(v).
-7
Let w(l) = 6*l**2 + l - 4. Let z(j) = -5*j**2 - j + 3. Let d(o) = 3*w(o) + 4*z(o). Let a be d(-1). Let m(c) = -5*c - 1. Give 